e
Does 4414 divide 701437568?
True
Is 818158248 a multiple of 129?
True
Is 967782543 a multiple of 2450?
False
Is 443 a factor of 14034106?
False
Is 1368875200 a multiple of 616?
True
Is 500 a factor of 469178000?
True
Does 18 divide 30925440?
True
Is 13 a factor of 55325894?
True
Is 362 a factor of 228125789?
False
Is 423183680 a multiple of 320?
True
Is 1690 a factor of 141142040?
True
Is 408693236 a multiple of 24?
False
Does 19 divide 841444925?
True
Is 490 a factor of 108983350?
True
Does 404 divide 90786880?
True
Is 1229029696 a multiple of 752?
True
Is 832393493 a multiple of 3541?
True
Does 8 divide 10903054?
False
Is 709096 a multiple of 4?
True
Is 160 a factor of 46494676?
False
Is 10483251 a multiple of 161?
False
Is 29520373 a multiple of 1261?
False
Is 4914 a factor of 584621582?
False
Does 255 divide 641047305?
True
Is 785565071 a multiple of 232?
False
Is 12452 a factor of 4921154920?
True
Is 207023460 a multiple of 2668?
True
Is 3588 a factor of 154815024?
True
Is 362 a factor of 289329183?
False
Is 27942235 a multiple of 2357?
True
Does 112 divide 150117640?
False
Does 5229 divide 62345367?
True
Is 28926573 a multiple of 13?
True
Is 101685991 a multiple of 90?
False
Does 43 divide 4063930?
True
Does 875 divide 544056625?
True
Does 13 divide 10963160?
True
Is 559 a factor of 122835778?
True
Does 117 divide 550610390?
False
Is 54772597 a multiple of 451?
True
Is 451 a factor of 557101358?
True
Is 67150516 a multiple of 18?
False
Is 151 a factor of 88508499?
True
Is 694699712 a multiple of 56?
True
Is 34099850 a multiple of 90?
False
Is 32888160 a multiple of 48?
True
Is 14 a factor of 1160508482?
True
Is 1156257 a multiple of 4?
False
Does 9 divide 114747516?
True
Is 181 a factor of 27752006?
True
Is 842 a factor of 72421079?
False
Is 5424 a factor of 353601408?
True
Is 186999280 a multiple of 26?
True
Does 68 divide 1095515241?
False
Does 1755 divide 31514535?
True
Is 8 a factor of 39626997?
False
Is 90992544 a multiple of 2111?
True
Does 23 divide 645245427?
True
Does 1977 divide 3024311316?
False
Is 582 a factor of 15610986?
True
Is 421 a factor of 32379952?
True
Is 34240111 a multiple of 101?
True
Is 1273 a factor of 4359436?
False
Does 1204 divide 732784507?
False
Does 107 divide 175990390?
True
Is 47 a factor of 744958695?
True
Does 27 divide 16962237?
True
Does 692 divide 3798121?
False
Does 1127 divide 274893891?
False
Is 114 a factor of 1118682?
True
Is 228618390 a multiple of 78?
True
Is 9338287 a multiple of 38?
False
Is 999570516 a multiple of 979?
False
Is 610 a factor of 36694550?
True
Is 25 a factor of 29045680?
False
Does 54 divide 463466988?
True
Is 4276000 a multiple of 125?
True
Is 41 a factor of 17943814?
True
Is 10213 a factor of 7810703310?
False
Does 2061 divide 20467791?
True
Does 40 divide 176890320?
True
Is 354854830 a multiple of 3135?
False
Is 20998276 a multiple of 12?
False
Does 5 divide 38596430?
True
Does 27 divide 22711440?
False
Does 11 divide 2426317839?
True
Is 21658660 a multiple of 12?
False
Is 13 a factor of 9372800?
False
Does 604 divide 314805404?
True
Does 139 divide 47972097?
True
Does 1613 divide 42136399?
True
Does 9 divide 6933348?
True
Is 55 a factor of 2555366972?
False
Is 1427872834 a multiple of 382?
True
Does 347 divide 51382521?
False
Is 1502 a factor of 99784605?
False
Is 41834898 a multiple of 65?
False
Does 184 divide 51892935?
False
Does 54 divide 9138229?
False
Is 181 a factor of 397530535?
False
Is 12760412 a multiple of 763?
True
Is 98300160 a multiple of 828?
True
Is 78 a factor of 119112006?
True
Is 81371362 a multiple of 446?
True
Is 3482 a factor of 108401624?
True
Is 5438945016 a multiple of 342?
True
Is 2737687011 a multiple of 21?
False
Is 240 a factor of 1163084023?
False
Does 16 divide 3195039322?
False
Is 1019194 a multiple of 27?
False
Is 170282437 a multiple of 1552?
False
Does 420 divide 257455800?
True
Is 7535169 even?
False
Is 73197776 a multiple of 886?
True
Does 9 divide 12359143?
False
Does 336 divide 76495104?
True
Does 20 divide 93742313?
False
Is 9 a factor of 415007619?
False
Is 758045008 a multiple of 7?
True
Is 352 a factor of 879240833?
False
Is 21 a factor of 141783159?
True
Is 558649232 a multiple of 8?
True
Is 5758 a factor of 1571573825?
False
Is 2826 a factor of 670007862?
True
Is 24393906 a multiple of 1040?
False
Does 770 divide 281017660?
True
Is 16279 a factor of 469844498?
True
Does 55 divide 5433952?
False
Is 19855965 a multiple of 243?
False
Does 332 divide 610338?
False
Does 7 divide 103169234?
True
Is 127268442 a multiple of 22?
False
Is 53524755 a multiple of 305?
True
Is 182 a factor of 100696849?
False
Is 921 a factor of 62989735?
False
Does 15 divide 113366842?
False
Is 164209193 a multiple of 2238?
False
Is 576109858 a multiple of 20?
False
Is 5064 a factor of 1148798784?
True
Is 508 a factor of 165012185?
False
Is 11 a factor of 495823?
False
Is 104 a factor of 19375408?
True
Is 103 a factor of 234687629?
False
Does 1741 divide 30171530?
True
Is 5 a factor of 2417111623?
False
Is 46129310 a multiple of 2?
True
Is 22936627 a multiple of 151?
False
Is 196 a factor of 3467436?
True
Does 16 divide 4502173762?
False
Is 515689181 a multiple of 503?
True
Is 62 a factor of 9327528?
True
Does 17 divide 3666960419?
False
Is 5 a factor of 3411067?
False
Does 390 divide 12827291?
False
Is 649319879 a multiple of 174?
False
Is 51 a factor of 514859611?
False
Does 1242 divide 80315172?
True
Does 97 divide 110374942?
True
Is 71480616 a multiple of 8?
True
Is 189832637 a multiple of 14?
False
Is 23 a factor of 2590477743?
False
Does 153 divide 3210092696?
False
Is 43381288 a multiple of 2108?
False
Is 936611865 a multiple of 21?
True
Is 29908047 a multiple of 2364?
False
Is 71 a factor of 79165478?
False
Is 66 a factor of 19823619?
False
Is 74069663 a multiple of 241?
True
Does 13 divide 287628956?
False
Is 45 a factor of 74981?
False
Does 1093 divide 1090789442?
False
Is 40 a factor of 14192240?
True
Is 27 a factor of 8804985?
False
Does 77 divide 1131367326?
False
Is 1368636368 a multiple of 4?
True
Does 12153 divide 2300076179?
False
Is 16671355 a multiple of 26?
False
Does 748 divide 424498?
False
Does 539 divide 83416718?
True
Does 918 divide 13339458?
True
Is 38118109 a multiple of 4093?
True
Is 9427158 a multiple of 403?
False
Is 2452616237 a multiple of 617?
False
Is 532 a factor of 70977837?
False
Is 1436 a factor of 75842340?
True
Does 84 divide 3989896?
False
Is 94 a factor of 49751126?
False
Is 21875128 a multiple of 11?
True
Does 380 divide 1521884280?
False
Is 7 a factor of 44249717?
False
Is 28961336 a multiple of 34?
True
Does 195 divide 12139043?
False
Is 192 a factor of 2718836680?
False
Is 975 a factor of 417552525?
True
Is 148219143 a multiple of 43?
False
Is 54110349 a multiple of 414?
False
Does 2314 divide 32278645?
False
Is 145 a factor of 1175089557?
False
Is 78481951 a multiple of 168?
False
Is 2 a factor of 22975916?
True
Does 4 divide 56665480?
True
Does 7 divide 679660963?
False
Is 10 a factor of 5540526100?
True
Does 107 divide 59206203?
True
Is 9 a factor of 58428355?
False
Does 437 divide 47926183?
False
Is 926 a factor of 24916808?
True
Does 112 divide 55102656?
True
Is 48696347 a multiple of 833?
True
Is 1375858022 a multiple of 3266?
True
Is 49139792 a multiple of 1069?
True
Is 382 a factor of 8864826?
False
Is 279 a factor of 93610080?
True
Is 129776004 a multiple of 674?
True
Is 28 a factor of 352940980?
True
Does 4 divide 24391496?
True
Does 45 divide 1021296330?
True
Does 7 divide 285359299?
False
Does 1950 divide 49136100?
True
Does 5487 divide 100357230?
True
Is 32 a factor of 3680395296?
True
Does 10 divide 114839150?
True
Does 329 divide 236041302?
False
Does 11 divide 7282591?
False
Is 6998400 a multiple of 3?
True
Is 98 a factor of 1854735167?
False
Is 619 a factor of 85869537?
True
Is 432 a factor of 1610938928?
False
Does 756 divide 615998628?
True
Is 77 a factor of 1123100932?
False
Does 3 divide 15832992?
True
Is 55 a factor of 1060952335?
False
Is 78 a factor of 3044538510?
True
Is 19982892 a multiple of 159?
False
Is 1572 a factor of 16033261?
False
Does 1810 divide 2606806570?
False
Is 702318481 a multiple of 20?
False
Is 124825718 a multiple of 444?
False
Does 3 divide 1951953?
True
Do